{"id":3,"date":"2023-03-26T11:56:26","date_gmt":"2023-03-26T11:56:26","guid":{"rendered":"https:\/\/sb.foxdenimmo.ch\/wp\/?page_id=3"},"modified":"2023-03-26T16:16:07","modified_gmt":"2023-03-26T14:16:07","slug":"privacy-policy","status":"publish","type":"page","link":"https:\/\/foxdenimmo.ch\/?page_id=3","title":{"rendered":"Datenschutzerkl\u00e4rung"},"content":{"rendered":"\n<h2 class=\"wp-block-heading\">Einf\u00fchrung<\/h2>\n\n\n\n<p>Gerne informieren wir Sie \u00fcber die Verarbeitung personenbezogener Daten bei Nutzung unseres Webseitenangebotes. F\u00fcr allf\u00e4llige Fragen hierzu stehen wir Ihnen jederzeit zur Verf\u00fcgung, im Rahmen unserer gesetzlichen Pflichten nach revDSG erteilen wir Ihnen die notwendigen Ausk\u00fcnfte.<\/p>\n\n\n\n<p>Dieses Webseitenangebot wird bereitgestellt von: FoxDen Immo AG, info@foxdenimmo.ch<\/p>\n\n\n\n<h2 class=\"wp-block-heading\">Begriffserl\u00e4uterung<\/h2>\n\n\n\n<p>Zur Begriffserl\u00e4uterung geben wir nachfolgend Art. 5 revDSG wieder:<\/p>\n\n\n\n<ul class=\"wp-block-list\">\n<li> Personendaten: alle Angaben, die sich auf eine bestimmte oder bestimmbare nat\u00fcrliche Person beziehen;<\/li>\n\n\n\n<li>betroffene Person: nat\u00fcrliche Person, \u00fcber die Personendaten bearbeitet werden;<\/li>\n\n\n\n<li>besonders sch\u00fctzenswerte Personendaten: \n<ul class=\"wp-block-list\">\n<li>Daten \u00fcber religi\u00f6se, weltanschauliche, politische oder gewerkschaftli- che Ansichten oder T\u00e4tigkeiten,<\/li>\n\n\n\n<li>Daten \u00fcber die Gesundheit, die Intimsph\u00e4re oder die Zugeh\u00f6rigkeit zu einer Rasse oder Ethnie,<\/li>\n\n\n\n<li>genetische Daten,<\/li>\n\n\n\n<li>biometrische Daten, die eine nat\u00fcrliche Person eindeutig identifizieren,<\/li>\n\n\n\n<li>Daten \u00fcber verwaltungs- und strafrechtliche Verfolgungen oder Sank- tionen,<\/li>\n\n\n\n<li>Daten \u00fcber Massnahmen der sozialen Hilfe;<\/li>\n<\/ul>\n<\/li>\n\n\n\n<li>Bearbeiten: jeder Umgang mit Personendaten, unabh\u00e4ngig von den ange- wandten Mitteln und Verfahren, insbesondere das Beschaffen, Speichern, Aufbewahren, Verwenden, Ver\u00e4ndern, Bekanntgeben, Archivieren, L\u00f6schen oder Vernichten von Daten;<\/li>\n\n\n\n<li>Bekanntgeben: das \u00dcbermitteln oder Zug\u00e4nglichmachen von Personendaten;<\/li>\n\n\n\n<li>Profiling: jede Art der automatisierten Bearbeitung von Personendaten, die darin besteht, dass diese Daten verwendet werden, um bestimmte pers\u00f6n- liche Aspekte, die sich auf eine nat\u00fcrliche Person beziehen, zu bewerten, insbesondere um Aspekte bez\u00fcglich Arbeitsleistung, wirtschaftlicher Lage, Gesundheit, pers\u00f6nlicher Vorlieben, Interessen, Zuverl\u00e4ssigkeit, Verhalten, Aufenthaltsort oder Ortswechsel dieser nat\u00fcrlichen Person zu analysieren oder vorherzusagen;<\/li>\n\n\n\n<li>Profiling mit hohem Risiko: Profiling, das ein hohes Risiko f\u00fcr die Pers\u00f6n- lichkeit oder die Grundrechte der betroffenen Person mit sich bringt, indem es zu einer Verkn\u00fcpfung von Daten f\u00fchrt, die eine Beurteilung wesentlicher Aspekte der Pers\u00f6nlichkeit einer nat\u00fcrlichen Person erlaubt;<\/li>\n\n\n\n<li>Verletzung der Datensicherheit: eine Verletzung der Sicherheit, die dazu f\u00fchrt, dass Personendaten unbeabsichtigt oder widerrechtlich verlorengehen, gel\u00f6scht, vernichtet oder ver\u00e4ndert werden oder Unbefugten offengelegt oder zug\u00e4nglich gemacht werden;<\/li>\n\n\n\n<li>Bundesorgan: Beh\u00f6rde oder Dienststelle des Bundes oder Person, die mit \u00f6ffentlichen Aufgaben des Bundes betraut ist;<\/li>\n\n\n\n<li>Verantwortlicher: private Person oder Bundesorgan, die oder das allein oder zusammen mit anderen \u00fcber den Zweck und die Mittel der Bearbeitung ent- scheidet;<\/li>\n\n\n\n<li>Auftragsbearbeiter: private Person oder Bundesorgan, die oder das im Auf- trag des Verantwortlichen Personendaten bearbeitet.<\/li>\n<\/ul>\n\n\n\n<h2 class=\"wp-block-heading\">Bearbeitungszweck<\/h2>\n\n\n\n<p>Ihre Daten werden zu folgenden Zwecken\/en verarbeitet:<\/p>\n\n\n\n<ul class=\"wp-block-list\">\n<li>Nutzung unseres Webseitenangebots<\/li>\n\n\n\n<li>Kontaktaufnahme und Kommunikation<\/li>\n\n\n\n<li>Einsatz von Cookies zur Gew\u00e4hrleistung der Grundfunktionalit\u00e4t der Webseite<\/li>\n\n\n\n<li>Einsatz von Cookies zur Analyse des Nutzerverhaltens und\/oder \u00dcbermittlung an Drittanbieter<\/li>\n\n\n\n<li>Auswertung der Nutzung der Webseite durch Einsatz von sog. Analysetools<\/li>\n\n\n\n<li>Einhaltung von gesetzlichen und beh\u00f6rdlichen Anforderungen oder Pflichten, soweit wir hierzu verpflichtet sind<\/li>\n\n\n\n<li>Einbindung von Angeboten von Drittanbietern f\u00fcr ein besseres Nutzerlebnis oder Gew\u00e4hrleistung einer hohen Qualit\u00e4t unseres Angebots<\/li>\n<\/ul>\n\n\n\n<p>Empf\u00e4nger oder Kategorie der Empf\u00e4nger<em>:<\/em><\/p>\n\n\n\n<ul class=\"wp-block-list\">\n<li>Webmaster\/Webagentur<\/li>\n\n\n\n<li>Dienstleister des Webangebots<\/li>\n<\/ul>\n\n\n\n<h2 class=\"wp-block-heading\">Weitere Angaben<\/h2>\n\n\n\n<h3 class=\"wp-block-heading\">Bearbeitete Personendaten<\/h3>\n\n\n\n<p>Bei dem Besuch unserer Webseite werden folgende Personendaten erhoben, die vom Browser automatisch erhoben werden oder die Sie uns angegeben haben.<\/p>\n\n\n\n<ul class=\"wp-block-list\">\n<li>ihre tats\u00e4chliche IP-Adresse, soweit diese vom Webseitennutzer nicht verborgen oder ge\u00e4ndert wurde,<\/li>\n\n\n\n<li>E-Mail-Adresse, soweit diese vom Webseitennutzer eingegeben wird,<\/li>\n\n\n\n<li>Name, Anschrift, weitere Angaben, soweit diese vom Webseitennutzer eingegeben werden.<\/li>\n<\/ul>\n\n\n\n<h3 class=\"wp-block-heading\">Datensicherheit<\/h3>\n\n\n\n<p>Wir verwenden f\u00fcr den Webseiten-Besuch das verbreitete SSL-Verfahren (Secure Socket Layer) in Verbindung mit der Verschl\u00fcsselungsstufe, die von Ihrem Browser unterst\u00fctzt wird. Ob die Seite unseres Internetauftritts verschl\u00fcsselt \u00fcbertragen wird, erkennen Sie an der geschlossenen Darstellung des Schl\u00fcssel- bzw. Schloss-Symbols in der Statuszeile Ihres Browsers.<\/p>\n\n\n\n<h3 class=\"wp-block-heading\">Rechte des Betroffenen<\/h3>\n\n\n\n<p>Ihre Rechte u.a. auf Auskunft, Berichtigung richten sich nach den gesetzlichen Vorschriften des revDSG.<\/p>\n\n\n\n<h3 class=\"wp-block-heading\">Einsatz von Cookies<\/h3>\n\n\n\n<p>Cookies sind Textdateien, um die Nutzung der Webseite zu gew\u00e4hrleisten, die Webseite zu verbessern oder die Nutzung der Webseite zu verfolgen (sog. \u201cTrackingtechnologie\u201d). Einige Cookies werden lediglich f\u00fcr die Dauer des Besuches auf der Webseite gespeichert (sog. \u201cSession Cookies\u201d). Andere Cookies werden l\u00e4nger gespeichert und erst nach einer festgelegten Zeit gel\u00f6scht, um z.B. wiederkehrende Nutzer zu erkennen, das Benutzerverhalten oder Besuchsmuster zu analysieren oder die Webseitenfunktionalit\u00e4t f\u00fcr alle Nutzer zu verbessern.<\/p>\n\n\n\n<p>Sie k\u00f6nnen in den Einstellungen Ihres Browser in der Regel einstellen, welche Cookies Sie zulassen m\u00f6chten. Werden s\u00e4mtliche Cookies abgelehnt (\u201cfunktionale Cookies\u201d) kann der Besuch unserer Webseite eingeschr\u00e4nkt oder nicht verf\u00fcgbar sein. Hilfestellung zur Cookieverwaltung g\u00e4ngiger Browser erhalten Sie hier:<\/p>\n\n\n\n<p>\u2022 Mozilla Firefox: https:\/\/support.mozilla.org\/de\/kb\/cookies-loeschen-daten-von-websites-entfernen<\/p>\n\n\n\n<p>\u2022 Internet Explorer: https:\/\/support.microsoft.com\/de-de\/help\/17442\/windows-internet-explorer-delete-manage-cookies<\/p>\n\n\n\n<p>\u2022 Google Chrome: https:\/\/support.google.com\/accounts\/answer\/61416?hl=de<\/p>\n\n\n\n<p>\u2022 Opera: http:\/\/www.opera.com\/de\/help<\/p>\n\n\n\n<p>\u2022 Safari: https:\/\/support.apple.com\/kb\/PH17191?locale=de_DE&amp;viewlocale=de_DE.<\/p>\n\n\n\n<h3 class=\"wp-block-heading\">Einsatz von Analysetools<\/h3>\n\n\n\n<p>Wir haben auf unserer Webseite Analysetools eingebunden, um das Benutzerverhalten zu analysieren, Auswertung von Werbemassnahmen vorzunehmen oder Besucherstatistiken zu erstellen. <em>(Analysetools auff\u00fchren, beschreiben und auf deren Datenschutzvereinbarung verweisen).<\/em><\/p>\n\n\n\n<h3 class=\"wp-block-heading\">Einbindung von Social-Media-Diensten<\/h3>\n\n\n\n<p>Wir haben auf unserer Webseite sog. Social-Media-Dienste eingebunden. Wir weisen darauf hin, dass die Daten ausserhalb der Schweiz und der Europ\u00e4ischen Union verarbeitet werden. Wir verlinken auf unserer Webseite auf unsere Unternehmensprofile in den Sozialen Netzwerken. Beachten Sie jedoch, dass bereits mit Aufruf unserer Webseite oder durch Klick auf den Link Personendaten zu den Sozialen Netzwerken auf deren Server \u00fcbertragen werden k\u00f6nnen. F\u00fcr Informationen \u00fcber die jeweilige Verarbeitungen und jeweiligen Widerspruchsm\u00f6glichkeiten verweisen wir auf die Datenschutzinformationen der Anbieter. Wir haben folgende Anbieter eingebunden, deren Datenschutzinformation Sie nachfolgend finden. <em>(Anbieter und deren Datenschutzerkl\u00e4rung und Widerspruch auff\u00fchren)<\/em><\/p>\n\n\n\n<h3 class=\"wp-block-heading\">Einbindung externer Onlinedienste<\/h3>\n\n\n\n<p>Wir haben auf unserer Webseite externe Onlinedienste <em>(z.B. Kartendienst)<\/em> eingebunden. Bei Besuch unserer Webseite und Einwilligung zur Daten\u00fcbertragung ins Ausland werden Daten an den Onlinedienst \u00fcbertragen. <em>(Auf Onlinedienst, erhobene Daten und Widerspruchsm\u00f6glichkeiten bzw. Datenschutzhinweis verweisen).<\/em><\/p>\n\n\n\n<h3 class=\"wp-block-heading\">\u00c4nderungen der Datenschutzerkl\u00e4rung<\/h3>\n\n\n\n<p>Wir haben uns bem\u00fcht, in der Datenschutzerkl\u00e4rung die rechtlich erforderlichen und gesetzlich gebotenen Informationen bereitzustellen. Wir behalten uns die jederzeitige \u00c4nderung und Anpassung der Datenschutzerkl\u00e4rung vor.<\/p>\n","protected":false},"excerpt":{"rendered":"<p>Einf\u00fchrung Gerne informieren wir Sie \u00fcber die Verarbeitung personenbezogener Daten bei Nutzung unseres Webseitenangebotes. F\u00fcr allf\u00e4llige Fragen hierzu stehen wir Ihnen jederzeit zur Verf\u00fcgung, im Rahmen unserer gesetzlichen Pflichten nach revDSG erteilen wir Ihnen die notwendigen Ausk\u00fcnfte. Dieses Webseitenangebot wird bereitgestellt von: FoxDen Immo AG, info@foxdenimmo.ch Begriffserl\u00e4uterung Zur Begriffserl\u00e4uterung geben wir nachfolgend Art. 5 revDSG &hellip; <\/p>\n<p class=\"link-more\"><a href=\"https:\/\/foxdenimmo.ch\/?page_id=3\" class=\"more-link\"><span class=\"screen-reader-text\">\u201eDatenschutzerkl\u00e4rung\u201c <\/span>weiterlesen<\/a><\/p>\n","protected":false},"author":1,"featured_media":0,"parent":0,"menu_order":0,"comment_status":"closed","ping_status":"closed","template":"","meta":{"footnotes":""},"class_list":["post-3","page","type-page","status-publish","hentry"],"yoast_head":"<!-- This site is optimized with the Yoast SEO plugin v27.3 - https:\/\/yoast.com\/product\/yoast-seo-wordpress\/ -->\n<title>Datenschutzerkl\u00e4rung - FoxDen Immo AG<\/title>\n<meta name=\"robots\" content=\"index, follow, max-snippet:-1, max-image-preview:large, max-video-preview:-1\" \/>\n<link rel=\"canonical\" href=\"https:\/\/foxdenimmo.ch\/?page_id=3\" \/>\n<meta property=\"og:locale\" content=\"de_DE\" \/>\n<meta property=\"og:type\" content=\"article\" \/>\n<meta property=\"og:title\" content=\"Datenschutzerkl\u00e4rung - FoxDen Immo AG\" \/>\n<meta property=\"og:description\" content=\"Einf\u00fchrung Gerne informieren wir Sie \u00fcber die Verarbeitung personenbezogener Daten bei Nutzung unseres Webseitenangebotes. F\u00fcr allf\u00e4llige Fragen hierzu stehen wir Ihnen jederzeit zur Verf\u00fcgung, im Rahmen unserer gesetzlichen Pflichten nach revDSG erteilen wir Ihnen die notwendigen Ausk\u00fcnfte. Dieses Webseitenangebot wird bereitgestellt von: FoxDen Immo AG, info@foxdenimmo.ch Begriffserl\u00e4uterung Zur Begriffserl\u00e4uterung geben wir nachfolgend Art. 5 revDSG &hellip; \u201eDatenschutzerkl\u00e4rung\u201c weiterlesen\" \/>\n<meta property=\"og:url\" content=\"https:\/\/foxdenimmo.ch\/?page_id=3\" \/>\n<meta property=\"og:site_name\" content=\"FoxDen Immo AG\" \/>\n<meta property=\"article:modified_time\" content=\"2023-03-26T14:16:07+00:00\" \/>\n<meta name=\"twitter:card\" content=\"summary_large_image\" \/>\n<meta name=\"twitter:label1\" content=\"Gesch\u00e4tzte Lesezeit\" \/>\n\t<meta name=\"twitter:data1\" content=\"5\u00a0Minuten\" \/>\n<script type=\"application\/ld+json\" class=\"yoast-schema-graph\">{\"@context\":\"https:\\\/\\\/schema.org\",\"@graph\":[{\"@type\":\"WebPage\",\"@id\":\"https:\\\/\\\/foxdenimmo.ch\\\/?page_id=3\",\"url\":\"https:\\\/\\\/foxdenimmo.ch\\\/?page_id=3\",\"name\":\"Datenschutzerkl\u00e4rung - FoxDen Immo AG\",\"isPartOf\":{\"@id\":\"https:\\\/\\\/foxdenimmo.ch\\\/#website\"},\"datePublished\":\"2023-03-26T11:56:26+00:00\",\"dateModified\":\"2023-03-26T14:16:07+00:00\",\"breadcrumb\":{\"@id\":\"https:\\\/\\\/foxdenimmo.ch\\\/?page_id=3#breadcrumb\"},\"inLanguage\":\"de\",\"potentialAction\":[{\"@type\":\"ReadAction\",\"target\":[\"https:\\\/\\\/foxdenimmo.ch\\\/?page_id=3\"]}]},{\"@type\":\"BreadcrumbList\",\"@id\":\"https:\\\/\\\/foxdenimmo.ch\\\/?page_id=3#breadcrumb\",\"itemListElement\":[{\"@type\":\"ListItem\",\"position\":1,\"name\":\"Startseite\",\"item\":\"https:\\\/\\\/foxdenimmo.ch\\\/\"},{\"@type\":\"ListItem\",\"position\":2,\"name\":\"Datenschutzerkl\u00e4rung\"}]},{\"@type\":\"WebSite\",\"@id\":\"https:\\\/\\\/foxdenimmo.ch\\\/#website\",\"url\":\"https:\\\/\\\/foxdenimmo.ch\\\/\",\"name\":\"FoxDen Immo AG\",\"description\":\"\",\"publisher\":{\"@id\":\"https:\\\/\\\/foxdenimmo.ch\\\/#organization\"},\"potentialAction\":[{\"@type\":\"SearchAction\",\"target\":{\"@type\":\"EntryPoint\",\"urlTemplate\":\"https:\\\/\\\/foxdenimmo.ch\\\/?s={search_term_string}\"},\"query-input\":{\"@type\":\"PropertyValueSpecification\",\"valueRequired\":true,\"valueName\":\"search_term_string\"}}],\"inLanguage\":\"de\"},{\"@type\":\"Organization\",\"@id\":\"https:\\\/\\\/foxdenimmo.ch\\\/#organization\",\"name\":\"FoxDen Immo AG\",\"url\":\"https:\\\/\\\/foxdenimmo.ch\\\/\",\"logo\":{\"@type\":\"ImageObject\",\"inLanguage\":\"de\",\"@id\":\"https:\\\/\\\/foxdenimmo.ch\\\/#\\\/schema\\\/logo\\\/image\\\/\",\"url\":\"https:\\\/\\\/foxdenimmo.ch\\\/wp-content\\\/uploads\\\/2023\\\/03\\\/cropped-logo-orange-transparent-whiteFont.png\",\"contentUrl\":\"https:\\\/\\\/foxdenimmo.ch\\\/wp-content\\\/uploads\\\/2023\\\/03\\\/cropped-logo-orange-transparent-whiteFont.png\",\"width\":605,\"height\":250,\"caption\":\"FoxDen Immo AG\"},\"image\":{\"@id\":\"https:\\\/\\\/foxdenimmo.ch\\\/#\\\/schema\\\/logo\\\/image\\\/\"}}]}<\/script>\n<!-- \/ Yoast SEO plugin. -->","yoast_head_json":{"title":"Datenschutzerkl\u00e4rung - FoxDen Immo AG","robots":{"index":"index","follow":"follow","max-snippet":"max-snippet:-1","max-image-preview":"max-image-preview:large","max-video-preview":"max-video-preview:-1"},"canonical":"https:\/\/foxdenimmo.ch\/?page_id=3","og_locale":"de_DE","og_type":"article","og_title":"Datenschutzerkl\u00e4rung - FoxDen Immo AG","og_description":"Einf\u00fchrung Gerne informieren wir Sie \u00fcber die Verarbeitung personenbezogener Daten bei Nutzung unseres Webseitenangebotes. F\u00fcr allf\u00e4llige Fragen hierzu stehen wir Ihnen jederzeit zur Verf\u00fcgung, im Rahmen unserer gesetzlichen Pflichten nach revDSG erteilen wir Ihnen die notwendigen Ausk\u00fcnfte. Dieses Webseitenangebot wird bereitgestellt von: FoxDen Immo AG, info@foxdenimmo.ch Begriffserl\u00e4uterung Zur Begriffserl\u00e4uterung geben wir nachfolgend Art. 5 revDSG &hellip; \u201eDatenschutzerkl\u00e4rung\u201c weiterlesen","og_url":"https:\/\/foxdenimmo.ch\/?page_id=3","og_site_name":"FoxDen Immo AG","article_modified_time":"2023-03-26T14:16:07+00:00","twitter_card":"summary_large_image","twitter_misc":{"Gesch\u00e4tzte Lesezeit":"5\u00a0Minuten"},"schema":{"@context":"https:\/\/schema.org","@graph":[{"@type":"WebPage","@id":"https:\/\/foxdenimmo.ch\/?page_id=3","url":"https:\/\/foxdenimmo.ch\/?page_id=3","name":"Datenschutzerkl\u00e4rung - FoxDen Immo AG","isPartOf":{"@id":"https:\/\/foxdenimmo.ch\/#website"},"datePublished":"2023-03-26T11:56:26+00:00","dateModified":"2023-03-26T14:16:07+00:00","breadcrumb":{"@id":"https:\/\/foxdenimmo.ch\/?page_id=3#breadcrumb"},"inLanguage":"de","potentialAction":[{"@type":"ReadAction","target":["https:\/\/foxdenimmo.ch\/?page_id=3"]}]},{"@type":"BreadcrumbList","@id":"https:\/\/foxdenimmo.ch\/?page_id=3#breadcrumb","itemListElement":[{"@type":"ListItem","position":1,"name":"Startseite","item":"https:\/\/foxdenimmo.ch\/"},{"@type":"ListItem","position":2,"name":"Datenschutzerkl\u00e4rung"}]},{"@type":"WebSite","@id":"https:\/\/foxdenimmo.ch\/#website","url":"https:\/\/foxdenimmo.ch\/","name":"FoxDen Immo AG","description":"","publisher":{"@id":"https:\/\/foxdenimmo.ch\/#organization"},"potentialAction":[{"@type":"SearchAction","target":{"@type":"EntryPoint","urlTemplate":"https:\/\/foxdenimmo.ch\/?s={search_term_string}"},"query-input":{"@type":"PropertyValueSpecification","valueRequired":true,"valueName":"search_term_string"}}],"inLanguage":"de"},{"@type":"Organization","@id":"https:\/\/foxdenimmo.ch\/#organization","name":"FoxDen Immo AG","url":"https:\/\/foxdenimmo.ch\/","logo":{"@type":"ImageObject","inLanguage":"de","@id":"https:\/\/foxdenimmo.ch\/#\/schema\/logo\/image\/","url":"https:\/\/foxdenimmo.ch\/wp-content\/uploads\/2023\/03\/cropped-logo-orange-transparent-whiteFont.png","contentUrl":"https:\/\/foxdenimmo.ch\/wp-content\/uploads\/2023\/03\/cropped-logo-orange-transparent-whiteFont.png","width":605,"height":250,"caption":"FoxDen Immo AG"},"image":{"@id":"https:\/\/foxdenimmo.ch\/#\/schema\/logo\/image\/"}}]}},"jetpack_sharing_enabled":true,"_links":{"self":[{"href":"https:\/\/foxdenimmo.ch\/index.php?rest_route=\/wp\/v2\/pages\/3","targetHints":{"allow":["GET"]}}],"collection":[{"href":"https:\/\/foxdenimmo.ch\/index.php?rest_route=\/wp\/v2\/pages"}],"about":[{"href":"https:\/\/foxdenimmo.ch\/index.php?rest_route=\/wp\/v2\/types\/page"}],"author":[{"embeddable":true,"href":"https:\/\/foxdenimmo.ch\/index.php?rest_route=\/wp\/v2\/users\/1"}],"replies":[{"embeddable":true,"href":"https:\/\/foxdenimmo.ch\/index.php?rest_route=%2Fwp%2Fv2%2Fcomments&post=3"}],"version-history":[{"count":5,"href":"https:\/\/foxdenimmo.ch\/index.php?rest_route=\/wp\/v2\/pages\/3\/revisions"}],"predecessor-version":[{"id":82,"href":"https:\/\/foxdenimmo.ch\/index.php?rest_route=\/wp\/v2\/pages\/3\/revisions\/82"}],"wp:attachment":[{"href":"https:\/\/foxdenimmo.ch\/index.php?rest_route=%2Fwp%2Fv2%2Fmedia&parent=3"}],"curies":[{"name":"wp","href":"https:\/\/api.w.org\/{rel}","templated":true}]}}