{"id":118,"date":"2023-03-26T21:33:08","date_gmt":"2023-03-26T19:33:08","guid":{"rendered":"https:\/\/sb.foxdenimmo.ch\/wp\/?page_id=118"},"modified":"2023-09-29T16:43:53","modified_gmt":"2023-09-29T14:43:53","slug":"whg-04-35-zimmer-wohnung-og","status":"publish","type":"page","link":"https:\/\/foxdenimmo.ch\/?page_id=118","title":{"rendered":"WHG-04 &#8211; 3,5 Zimmer Wohnung im Obergeschoss"},"content":{"rendered":"\n<h5 class=\"wp-block-heading\">Beschreibung<\/h5>\n\n\n\n<p>Die grossz\u00fcgige 3,5 Zimmer Wohnung verf\u00fcgt \u00fcber mehr als 100m2 Wohnfl\u00e4che und zwei Nasszellen. Im Eingangsbereich befindet sich eine Garderobe. Die offene K\u00fcche mit Kochinsel bietet viel Stauraum, einen Glaskeramikherd mit eingelassenem Dampfabzug inkl. wartungsfreiem Plasmafilter, K\u00fchlschrank und Backofen.<br>Vom ger\u00e4umigen, hellen Wohnraum gelangt man auf den grossen Balkon, von welchem eine wunderbare Aussicht genossen werden kann.<\/p>\n\n\n\n<p>Die Wohnung verf\u00fcgt \u00fcber eine eigene Waschk\u00fcche und ein geschlossenes Kellerabteil im Untergeschoss.<\/p>\n\n\n\n<h5 class=\"wp-block-heading\">Details zur Ausstattung<\/h5>\n\n\n\n<ul class=\"wp-block-list\">\n<li>K\u00fcche mit K\u00fchlschrank, Geschirrsp\u00fcler, Backofen, Glaskeramikherd mit im Kochfeld integriertem Abzug und Plasma Geruchsfilter (VZUG).<\/li>\n\n\n\n<li>Wohnraum, G\u00e4nge und Schlafzimmer mit&nbsp;Parkett, Eiche Landhausdielen&nbsp;<\/li>\n\n\n\n<li>Nasszellen mit keramischen Platten<\/li>\n\n\n\n<li>Balkon mit keramischen Platten<\/li>\n\n\n\n<li>Eingang mit Garderobe<\/li>\n<\/ul>\n\n\n\n<h5 class=\"wp-block-heading\">Grundriss<\/h5>\n\n\n\n<figure class=\"wp-block-image size-large\"><img fetchpriority=\"high\" decoding=\"async\" width=\"644\" height=\"1024\" src=\"https:\/\/foxdenimmo.ch\/wp-content\/uploads\/2023\/05\/WHG-04_3.5-OG-Grundriss-644x1024.png\" alt=\"\" class=\"wp-image-210\" srcset=\"https:\/\/foxdenimmo.ch\/wp-content\/uploads\/2023\/05\/WHG-04_3.5-OG-Grundriss-644x1024.png 644w, https:\/\/foxdenimmo.ch\/wp-content\/uploads\/2023\/05\/WHG-04_3.5-OG-Grundriss-189x300.png 189w, https:\/\/foxdenimmo.ch\/wp-content\/uploads\/2023\/05\/WHG-04_3.5-OG-Grundriss-768x1221.png 768w, https:\/\/foxdenimmo.ch\/wp-content\/uploads\/2023\/05\/WHG-04_3.5-OG-Grundriss-966x1536.png 966w, https:\/\/foxdenimmo.ch\/wp-content\/uploads\/2023\/05\/WHG-04_3.5-OG-Grundriss.png 1122w\" sizes=\"(max-width: 644px) 100vw, 644px\" \/><figcaption class=\"wp-element-caption\">Grundriss WHG-04<\/figcaption><\/figure>\n\n\n\n<h5 class=\"wp-block-heading\">Waschk\u00fcche \/ Kellerraum<\/h5>\n\n\n\n<figure class=\"wp-block-image size-large\"><img decoding=\"async\" width=\"812\" height=\"1024\" src=\"https:\/\/foxdenimmo.ch\/wp-content\/uploads\/2023\/05\/WHG-04_3.5-OG-Keller-812x1024.png\" alt=\"\" class=\"wp-image-211\" srcset=\"https:\/\/foxdenimmo.ch\/wp-content\/uploads\/2023\/05\/WHG-04_3.5-OG-Keller-812x1024.png 812w, https:\/\/foxdenimmo.ch\/wp-content\/uploads\/2023\/05\/WHG-04_3.5-OG-Keller-238x300.png 238w, https:\/\/foxdenimmo.ch\/wp-content\/uploads\/2023\/05\/WHG-04_3.5-OG-Keller-768x968.png 768w, https:\/\/foxdenimmo.ch\/wp-content\/uploads\/2023\/05\/WHG-04_3.5-OG-Keller-1218x1536.png 1218w, https:\/\/foxdenimmo.ch\/wp-content\/uploads\/2023\/05\/WHG-04_3.5-OG-Keller-1624x2048.png 1624w, https:\/\/foxdenimmo.ch\/wp-content\/uploads\/2023\/05\/WHG-04_3.5-OG-Keller.png 1963w\" sizes=\"(max-width: 706px) 89vw, (max-width: 767px) 82vw, 740px\" \/><figcaption class=\"wp-element-caption\">Waschk\u00fcche \/ Keller WHG-04<\/figcaption><\/figure>\n","protected":false},"excerpt":{"rendered":"<p>Beschreibung Die grossz\u00fcgige 3,5 Zimmer Wohnung verf\u00fcgt \u00fcber mehr als 100m2 Wohnfl\u00e4che und zwei Nasszellen. Im Eingangsbereich befindet sich eine Garderobe. Die offene K\u00fcche mit Kochinsel bietet viel Stauraum, einen Glaskeramikherd mit eingelassenem Dampfabzug inkl. wartungsfreiem Plasmafilter, K\u00fchlschrank und Backofen.Vom ger\u00e4umigen, hellen Wohnraum gelangt man auf den grossen Balkon, von welchem eine wunderbare Aussicht genossen &hellip; <\/p>\n<p class=\"link-more\"><a href=\"https:\/\/foxdenimmo.ch\/?page_id=118\" class=\"more-link\"><span class=\"screen-reader-text\">\u201eWHG-04 &#8211; 3,5 Zimmer Wohnung im Obergeschoss\u201c <\/span>weiterlesen<\/a><\/p>\n","protected":false},"author":1,"featured_media":0,"parent":36,"menu_order":0,"comment_status":"closed","ping_status":"closed","template":"","meta":{"footnotes":""},"class_list":["post-118","page","type-page","status-publish","hentry"],"yoast_head":"<!-- This site is optimized with the Yoast SEO plugin v27.3 - https:\/\/yoast.com\/product\/yoast-seo-wordpress\/ -->\n<title>WHG-04 - 3,5 Zimmer Wohnung im Obergeschoss - FoxDen Immo AG<\/title>\n<meta name=\"robots\" content=\"index, follow, max-snippet:-1, max-image-preview:large, max-video-preview:-1\" \/>\n<link rel=\"canonical\" href=\"https:\/\/foxdenimmo.ch\/?page_id=118\" \/>\n<meta property=\"og:locale\" content=\"de_DE\" \/>\n<meta property=\"og:type\" content=\"article\" \/>\n<meta property=\"og:title\" content=\"WHG-04 - 3,5 Zimmer Wohnung im Obergeschoss - FoxDen Immo AG\" \/>\n<meta property=\"og:description\" content=\"Beschreibung Die grossz\u00fcgige 3,5 Zimmer Wohnung verf\u00fcgt \u00fcber mehr als 100m2 Wohnfl\u00e4che und zwei Nasszellen. Im Eingangsbereich befindet sich eine Garderobe. Die offene K\u00fcche mit Kochinsel bietet viel Stauraum, einen Glaskeramikherd mit eingelassenem Dampfabzug inkl. wartungsfreiem Plasmafilter, K\u00fchlschrank und Backofen.Vom ger\u00e4umigen, hellen Wohnraum gelangt man auf den grossen Balkon, von welchem eine wunderbare Aussicht genossen &hellip; \u201eWHG-04 &#8211; 3,5 Zimmer Wohnung im Obergeschoss\u201c weiterlesen\" \/>\n<meta property=\"og:url\" content=\"https:\/\/foxdenimmo.ch\/?page_id=118\" \/>\n<meta property=\"og:site_name\" content=\"FoxDen Immo AG\" \/>\n<meta property=\"article:modified_time\" content=\"2023-09-29T14:43:53+00:00\" \/>\n<meta property=\"og:image\" content=\"https:\/\/foxdenimmo.ch\/wp-content\/uploads\/2023\/05\/WHG-04_3.5-OG-Grundriss-644x1024.png\" \/>\n<meta name=\"twitter:card\" content=\"summary_large_image\" \/>\n<meta name=\"twitter:label1\" content=\"Gesch\u00e4tzte Lesezeit\" \/>\n\t<meta name=\"twitter:data1\" content=\"2\u00a0Minuten\" \/>\n<script type=\"application\/ld+json\" class=\"yoast-schema-graph\">{\"@context\":\"https:\\\/\\\/schema.org\",\"@graph\":[{\"@type\":\"WebPage\",\"@id\":\"https:\\\/\\\/foxdenimmo.ch\\\/?page_id=118\",\"url\":\"https:\\\/\\\/foxdenimmo.ch\\\/?page_id=118\",\"name\":\"WHG-04 - 3,5 Zimmer Wohnung im Obergeschoss - FoxDen Immo AG\",\"isPartOf\":{\"@id\":\"https:\\\/\\\/foxdenimmo.ch\\\/#website\"},\"primaryImageOfPage\":{\"@id\":\"https:\\\/\\\/foxdenimmo.ch\\\/?page_id=118#primaryimage\"},\"image\":{\"@id\":\"https:\\\/\\\/foxdenimmo.ch\\\/?page_id=118#primaryimage\"},\"thumbnailUrl\":\"https:\\\/\\\/foxdenimmo.ch\\\/wp-content\\\/uploads\\\/2023\\\/05\\\/WHG-04_3.5-OG-Grundriss-644x1024.png\",\"datePublished\":\"2023-03-26T19:33:08+00:00\",\"dateModified\":\"2023-09-29T14:43:53+00:00\",\"breadcrumb\":{\"@id\":\"https:\\\/\\\/foxdenimmo.ch\\\/?page_id=118#breadcrumb\"},\"inLanguage\":\"de\",\"potentialAction\":[{\"@type\":\"ReadAction\",\"target\":[\"https:\\\/\\\/foxdenimmo.ch\\\/?page_id=118\"]}]},{\"@type\":\"ImageObject\",\"inLanguage\":\"de\",\"@id\":\"https:\\\/\\\/foxdenimmo.ch\\\/?page_id=118#primaryimage\",\"url\":\"https:\\\/\\\/foxdenimmo.ch\\\/wp-content\\\/uploads\\\/2023\\\/05\\\/WHG-04_3.5-OG-Grundriss.png\",\"contentUrl\":\"https:\\\/\\\/foxdenimmo.ch\\\/wp-content\\\/uploads\\\/2023\\\/05\\\/WHG-04_3.5-OG-Grundriss.png\",\"width\":1122,\"height\":1784},{\"@type\":\"BreadcrumbList\",\"@id\":\"https:\\\/\\\/foxdenimmo.ch\\\/?page_id=118#breadcrumb\",\"itemListElement\":[{\"@type\":\"ListItem\",\"position\":1,\"name\":\"Startseite\",\"item\":\"https:\\\/\\\/foxdenimmo.ch\\\/\"},{\"@type\":\"ListItem\",\"position\":2,\"name\":\"\u00dcberbauung Sch\u00f6nb\u00fcelstrasse\",\"item\":\"https:\\\/\\\/foxdenimmo.ch\\\/?page_id=36\"},{\"@type\":\"ListItem\",\"position\":3,\"name\":\"WHG-04 &#8211; 3,5 Zimmer Wohnung im Obergeschoss\"}]},{\"@type\":\"WebSite\",\"@id\":\"https:\\\/\\\/foxdenimmo.ch\\\/#website\",\"url\":\"https:\\\/\\\/foxdenimmo.ch\\\/\",\"name\":\"FoxDen Immo AG\",\"description\":\"\",\"publisher\":{\"@id\":\"https:\\\/\\\/foxdenimmo.ch\\\/#organization\"},\"potentialAction\":[{\"@type\":\"SearchAction\",\"target\":{\"@type\":\"EntryPoint\",\"urlTemplate\":\"https:\\\/\\\/foxdenimmo.ch\\\/?s={search_term_string}\"},\"query-input\":{\"@type\":\"PropertyValueSpecification\",\"valueRequired\":true,\"valueName\":\"search_term_string\"}}],\"inLanguage\":\"de\"},{\"@type\":\"Organization\",\"@id\":\"https:\\\/\\\/foxdenimmo.ch\\\/#organization\",\"name\":\"FoxDen Immo AG\",\"url\":\"https:\\\/\\\/foxdenimmo.ch\\\/\",\"logo\":{\"@type\":\"ImageObject\",\"inLanguage\":\"de\",\"@id\":\"https:\\\/\\\/foxdenimmo.ch\\\/#\\\/schema\\\/logo\\\/image\\\/\",\"url\":\"https:\\\/\\\/foxdenimmo.ch\\\/wp-content\\\/uploads\\\/2023\\\/03\\\/cropped-logo-orange-transparent-whiteFont.png\",\"contentUrl\":\"https:\\\/\\\/foxdenimmo.ch\\\/wp-content\\\/uploads\\\/2023\\\/03\\\/cropped-logo-orange-transparent-whiteFont.png\",\"width\":605,\"height\":250,\"caption\":\"FoxDen Immo AG\"},\"image\":{\"@id\":\"https:\\\/\\\/foxdenimmo.ch\\\/#\\\/schema\\\/logo\\\/image\\\/\"}}]}<\/script>\n<!-- \/ Yoast SEO plugin. -->","yoast_head_json":{"title":"WHG-04 - 3,5 Zimmer Wohnung im Obergeschoss - FoxDen Immo AG","robots":{"index":"index","follow":"follow","max-snippet":"max-snippet:-1","max-image-preview":"max-image-preview:large","max-video-preview":"max-video-preview:-1"},"canonical":"https:\/\/foxdenimmo.ch\/?page_id=118","og_locale":"de_DE","og_type":"article","og_title":"WHG-04 - 3,5 Zimmer Wohnung im Obergeschoss - FoxDen Immo AG","og_description":"Beschreibung Die grossz\u00fcgige 3,5 Zimmer Wohnung verf\u00fcgt \u00fcber mehr als 100m2 Wohnfl\u00e4che und zwei Nasszellen. Im Eingangsbereich befindet sich eine Garderobe. Die offene K\u00fcche mit Kochinsel bietet viel Stauraum, einen Glaskeramikherd mit eingelassenem Dampfabzug inkl. wartungsfreiem Plasmafilter, K\u00fchlschrank und Backofen.Vom ger\u00e4umigen, hellen Wohnraum gelangt man auf den grossen Balkon, von welchem eine wunderbare Aussicht genossen &hellip; \u201eWHG-04 &#8211; 3,5 Zimmer Wohnung im Obergeschoss\u201c weiterlesen","og_url":"https:\/\/foxdenimmo.ch\/?page_id=118","og_site_name":"FoxDen Immo AG","article_modified_time":"2023-09-29T14:43:53+00:00","og_image":[{"url":"https:\/\/foxdenimmo.ch\/wp-content\/uploads\/2023\/05\/WHG-04_3.5-OG-Grundriss-644x1024.png","type":"","width":"","height":""}],"twitter_card":"summary_large_image","twitter_misc":{"Gesch\u00e4tzte Lesezeit":"2\u00a0Minuten"},"schema":{"@context":"https:\/\/schema.org","@graph":[{"@type":"WebPage","@id":"https:\/\/foxdenimmo.ch\/?page_id=118","url":"https:\/\/foxdenimmo.ch\/?page_id=118","name":"WHG-04 - 3,5 Zimmer Wohnung im Obergeschoss - FoxDen Immo AG","isPartOf":{"@id":"https:\/\/foxdenimmo.ch\/#website"},"primaryImageOfPage":{"@id":"https:\/\/foxdenimmo.ch\/?page_id=118#primaryimage"},"image":{"@id":"https:\/\/foxdenimmo.ch\/?page_id=118#primaryimage"},"thumbnailUrl":"https:\/\/foxdenimmo.ch\/wp-content\/uploads\/2023\/05\/WHG-04_3.5-OG-Grundriss-644x1024.png","datePublished":"2023-03-26T19:33:08+00:00","dateModified":"2023-09-29T14:43:53+00:00","breadcrumb":{"@id":"https:\/\/foxdenimmo.ch\/?page_id=118#breadcrumb"},"inLanguage":"de","potentialAction":[{"@type":"ReadAction","target":["https:\/\/foxdenimmo.ch\/?page_id=118"]}]},{"@type":"ImageObject","inLanguage":"de","@id":"https:\/\/foxdenimmo.ch\/?page_id=118#primaryimage","url":"https:\/\/foxdenimmo.ch\/wp-content\/uploads\/2023\/05\/WHG-04_3.5-OG-Grundriss.png","contentUrl":"https:\/\/foxdenimmo.ch\/wp-content\/uploads\/2023\/05\/WHG-04_3.5-OG-Grundriss.png","width":1122,"height":1784},{"@type":"BreadcrumbList","@id":"https:\/\/foxdenimmo.ch\/?page_id=118#breadcrumb","itemListElement":[{"@type":"ListItem","position":1,"name":"Startseite","item":"https:\/\/foxdenimmo.ch\/"},{"@type":"ListItem","position":2,"name":"\u00dcberbauung Sch\u00f6nb\u00fcelstrasse","item":"https:\/\/foxdenimmo.ch\/?page_id=36"},{"@type":"ListItem","position":3,"name":"WHG-04 &#8211; 3,5 Zimmer Wohnung im Obergeschoss"}]},{"@type":"WebSite","@id":"https:\/\/foxdenimmo.ch\/#website","url":"https:\/\/foxdenimmo.ch\/","name":"FoxDen Immo AG","description":"","publisher":{"@id":"https:\/\/foxdenimmo.ch\/#organization"},"potentialAction":[{"@type":"SearchAction","target":{"@type":"EntryPoint","urlTemplate":"https:\/\/foxdenimmo.ch\/?s={search_term_string}"},"query-input":{"@type":"PropertyValueSpecification","valueRequired":true,"valueName":"search_term_string"}}],"inLanguage":"de"},{"@type":"Organization","@id":"https:\/\/foxdenimmo.ch\/#organization","name":"FoxDen Immo AG","url":"https:\/\/foxdenimmo.ch\/","logo":{"@type":"ImageObject","inLanguage":"de","@id":"https:\/\/foxdenimmo.ch\/#\/schema\/logo\/image\/","url":"https:\/\/foxdenimmo.ch\/wp-content\/uploads\/2023\/03\/cropped-logo-orange-transparent-whiteFont.png","contentUrl":"https:\/\/foxdenimmo.ch\/wp-content\/uploads\/2023\/03\/cropped-logo-orange-transparent-whiteFont.png","width":605,"height":250,"caption":"FoxDen Immo AG"},"image":{"@id":"https:\/\/foxdenimmo.ch\/#\/schema\/logo\/image\/"}}]}},"jetpack_sharing_enabled":true,"_links":{"self":[{"href":"https:\/\/foxdenimmo.ch\/index.php?rest_route=\/wp\/v2\/pages\/118","targetHints":{"allow":["GET"]}}],"collection":[{"href":"https:\/\/foxdenimmo.ch\/index.php?rest_route=\/wp\/v2\/pages"}],"about":[{"href":"https:\/\/foxdenimmo.ch\/index.php?rest_route=\/wp\/v2\/types\/page"}],"author":[{"embeddable":true,"href":"https:\/\/foxdenimmo.ch\/index.php?rest_route=\/wp\/v2\/users\/1"}],"replies":[{"embeddable":true,"href":"https:\/\/foxdenimmo.ch\/index.php?rest_route=%2Fwp%2Fv2%2Fcomments&post=118"}],"version-history":[{"count":7,"href":"https:\/\/foxdenimmo.ch\/index.php?rest_route=\/wp\/v2\/pages\/118\/revisions"}],"predecessor-version":[{"id":284,"href":"https:\/\/foxdenimmo.ch\/index.php?rest_route=\/wp\/v2\/pages\/118\/revisions\/284"}],"up":[{"embeddable":true,"href":"https:\/\/foxdenimmo.ch\/index.php?rest_route=\/wp\/v2\/pages\/36"}],"wp:attachment":[{"href":"https:\/\/foxdenimmo.ch\/index.php?rest_route=%2Fwp%2Fv2%2Fmedia&parent=118"}],"curies":[{"name":"wp","href":"https:\/\/api.w.org\/{rel}","templated":true}]}}